 in base 7?
-12044362
What is -15883a (base 12) in base 16?
-59bae
What is 122112313100 (base 4) in base 11?
399a146
-506120 (base 9) to base 10
-299718
What is -584c7c (base 14) in base 11?
-1776410
215376 (base 8) to base 16
11afe
What is 110121222102 (base 4) in base 5?
2332113421
What is -233131302 (base 4) in base 2?
-101111011101110010
What is -c544 (base 15) in base 16?
-a2d9
What is 23281a (base 11) in base 14?
98a16
2104242 (base 6) to base 2
11000111010100010
Convert -547138 (base 10) to base 8.
-2054502
Convert 4548bb (base 13) to base 5.
404411041
Convert 11000011110010000 (base 2) to base 14.
28760
Convert -490a7 (base 12) to base 14.
-27d27
What is 1dd87 (base 16) in base 6?
2341543
Convert -33303002132 (base 4) to base 16.
-3f309e
What is 1a89572 (base 11) in base 10?
3511862
8d49d (base 16) to base 15
b6712
490ba (base 12) to base 5
11124023
-3811736 (base 9) to base 10
-2074605
What is 82fc (base 16) in base 5?
2033112
Convert 12066421 (base 7) to base 5.
233404031
Convert -14a24c (base 13) to base 11.
-317666
-13640604 (base 7) to base 12
-520b16
-4e0a4 (base 15) to base 6
-5204544
What is 2010011202212 (base 3) in base 7?
12365036
133404330 (base 5) to base 2
10100111001110100101
Convert -101101000001110000001110 (base 2) to base 12.
-3b529a6
What is -111001101001100110110 (base 2) in base 5?
-440422303
166566 (base 9) to base 16
19356
Convert -1ccbc (base 14) to base 5.
-4330422
What is 1420311324 (base 5) in base 15?
4caec9
466557 (base 13) to base 12
686979
What is -43489 (base 10) in base 2?
-1010100111100001
25c382 (base 16) to base 15
33d472
What is 2030135 (base 12) in base 16?
5c13b9
What is -3442453 (base 8) in base 11?
-589702
12603312 (base 7) to base 8
4333244
-103011044 (base 5) to base 16
-6b002
What is -154048a (base 12) in base 11?
-2486aaa
What is -75730 (base 9) in base 7?
-266154
2102332 (base 4) to base 14
35dc
Convert 1001101010001111 (base 2) to base 7.
223233
What is -2540305 (base 6) in base 15?
-2ab0e
101110120102 (base 3) to base 14
550dc
What is 111012120 (base 4) in base 3?
11101112220
Convert 3642620 (base 8) to base 4.
3310112100
2414404113 (base 5) to base 11
31a0220
-641327 (base 11) to base 5
-230322333
-226447 (base 9) to base 5
-13322321
320967 (base 10) to base 3
121022021200
Convert 2113232003 (base 4) to base 15.
c41e8
What is 4371073 (base 8) in base 16?
11f23b
What is 112021012020112 (base 3) in base 12?
2657728
Convert 256044 (base 15) to base 14.
3491b7
2023130302 (base 4) to base 2
10001011011100110010
What is -40423 (base 13) in base 3?
-12211200101
Convert -10856 (base 12) to base 10.
-21954
144061 (base 9) to base 3
11111002001
Convert 323de2 (base 15) to base 2.
1001001000001000111101
Convert 1020030032 (base 4) to base 8.
1101416
5447041 (base 9) to base 11
1718486
What is 12011110101 (base 3) in base 6?
2102401
What is 415007 (base 8) in base 16?
21a07
What is 32110002 (base 5) in base 13?
957c4
Convert 146923 (base 12) to base 13.
c0447
What is 503235 (base 8) in base 16?
2869d
What is -474680 (base 9) in base 3?
-112111202200
10241323 (base 5) to base 3
11102110111
-423736 (base 8) to base 16
-227de
Convert -1010110 (base 5) to base 7.
-65315
What is -50d4b9 (base 15) in base 9?
-7204883
Convert 324053201 (base 6) to base 11.
32a7030
What is -10001013243 (base 5) in base 14?
-1428db5
What is -2662681 (base 10) in base 11?
-155956a
Convert -a91705 (base 11) to base 7.
-20553616
-101111001101110001011 (base 2) to base 5
-344002042
What is 14572541 (base 8) in base 2?
1100101111010101100001
Convert 2068226 (base 9) to base 5.
240431031
What is 303b7 (base 14) in base 12?
57165
-212034 (base 6) to base 3
-212201211
Convert -323122012 (base 4) to base 9.
-410711
11432235 (base 6) to base 15
7245b
Convert 1211120201110 (base 3) to base 11.
607257
-12020121020 (base 4) to base 14
-2dba2c
Convert -12308 (base 12) to base 6.
-310012
What is -2b5469 (base 14) in base 11?
-943672
3b153 (base 13) to base 16
1ae07
What is -2415044 (base 6) in base 8?
-367544
What is -13420 (base 12) in base 6?
-322440
What is -1835248 (base 10) in base 5?
-432211443
Convert -10342022 (base 7) to base 14.
-190382
What is 11001010100101000011 (base 2) in base 12?
34022b
Convert 292416 (base 11) to base 16.
6f94a
Convert 3adbc6 (base 15) to base 12.
b46313
Convert 111412 (base 10) to base 5.
12031122
552333 (base 7) to base 5
11100042
Convert -11110021201 (base 3) to base 8.
-253210
-13024041133 (base 5) to base 6
-1323351014
Convert -2624636 (base 9) to base 12.
-591859
What is 3758875 (base 10) in base 2?
1110010101101100011011
What is -1011100001 (base 2) in base 7?
-2102
Convert 104414402 (base 5) to base 7.
3653041
Convert -144767 (base 9) to base 14.
-24537
What is -18113458 (base 9) in base 3?
-122010110111222
What is -931792 (base 11) in base 4?
-11231021231
2606494 (base 12) to base 9
15054144
What is -206087 (base 9) in base 10?
-122551
-32316634 (base 8) to base 9
-14018617
Convert 902b75 (base 13) to base 6.
155431534
Convert -39c79c (base 16) to base 14.
-707d92
7106076 (base 8) to base 7
21621356
Convert -6a24cc (base 14) to base 13.
-998787
What is 32245623 (base 8) in base 13?
1577c16
What is -51343534 (base 8) in base 7?
-161226600
Convert 249796 (base 11) to base 4.
1200011331
135780 (base 11) to base 6
4320032
-44212 (base 8) to base 14
-6aa6
2202423 (base 7) to base 14
70483
-133443034 (base 6) to base 2
-1010010010010010011110
Convert -3208956 (base 10) to base 15.
-435c06
36353 (base 8) to base 15
494a
Convert -225550 (base 7) to base 12.
-1b477
Convert -a2916 (base 12) to base 7.
-1542312
1a594 (base 12) to base 13
148b4
What is 2230001 (base 4) in base 3?
120002202
Convert -10122100201 (base 3) to base 13.
-26839
Convert -1060142 (base 7) to base 3.
-20201020212
What is 11111100100001011001 (base 2) in base 7?
11535352
-23073 (base 10) to base 8
-55041
What is 126710 (base 9) in base 5?
4431441
1000200202 (base 4) to base 8
1004042
Convert 5690a2 (base 12) to base 9.
2538745
Convert -423225 (base 8) to base 14.
-3951b
Convert 4326217 (base 8) to base 4.
10122302033
What is -20543 (base 6) in base 13?
-1374
Convert 7928 (base 16) to base 2.
111100100101000
Convert 2704752 (base 8) to base 3.
1102102022111
What is 84f3a (base 16) in base 9?
1020007
Convert 101001101011101001 (base 2) to base 12.
82975
Convert a6379 (base 11) to base 8.
456335
What is -103102111 (base 5) in base 4?
-1223221022
Convert 41b62 (base 15) to base 7.
1525463
What is -1011012201211110 (base 3) in base 7?
-260664120
What is -3689205 (base 12) in base 13?
-2283833
Convert 171a3b7 (base 12) to base 13.
cab66a
2121773 (base 8) to base 2
10001010001111111011
59973 (base 13) to base 12
7b029
What is 2212101202012 (base 3) in base 4?
11303323202
What is -13303331220 (base 4) in base 15?
-2a6b83
Convert -53ac8 (base 14) to base 5.
-22434243
Convert -46a51a (base 12) to base 15.
-1771b1
What is -31434 (base 11) in base 6?
-551531
What is 22002110 (base 7) in base 12?
769932
What is -47d65 (base 15) in base 9?
-378285
4403c (base 15) to base 5
23403212
What is -5883553 (base 9) in base 11?
-1885805
What is 11011110010110110 (base 2) in base 8?
336266
What is 311201203 (base 5) in base 16?
1368f5
Convert 11111001110000110100110 (base 2) to base 15.
ab9e55
Convert -778938 (base 10) to base 9.
-1416446
baa69 (base 13) to base 11
210979
Convert -3255a06 (base 11) to base 13.
-1252766
Convert 44342333 (base 5) to base 9.
650142
13010131330 (base 4) to base 10
1853308
-1966100 (base 10) to base 9
-3625875
What is 3781214 (base 9) in base 14?
3b9186
1131123000 (base 4) to base 14
9d648
What is 124160 (base 15) in base 10?
874440
43d36 (base 14) to base 2
101000001010001100
-1013350 (base 6) to base 14
-13a94
What is -294a36 (base 11) in base 12?
-1a2564
Convert -565140 (base 8) to base 5.
-22103242
Convert 130201420 (base 5) to base 4.
2122022331
What is -2321613 (base 7) in base 2?
-1000111000101100000
What is 7c422 (base 14) in base 7?
2400242
What is c88d1c (base 14) in base 6?
401235250
Convert 51105d (base 14) to base 8.
12324573
Convert 111112211120 (base 3) to base 2.
1000001000111000110
Convert -1100010111001111011 (base 2) to base 10.
-405115
What is 615b98 (base 12) in base 4?
11310011210
-11131012 (base 5) to b